 the ten thousands digit of 777229?
7
What is the thousands digit of 605620?
5
What is the hundreds digit of 4690581?
5
What is the hundred thousands digit of 975953?
9
What is the ten thousands digit of 300167?
0
What is the hundred thousands digit of 2696357?
6
What is the tens digit of 35051018?
1
What is the tens digit of 1045675?
7
What is the tens digit of 13052830?
3
What is the hundreds digit of 3748758?
7
What is the ten thousands digit of 245182?
4
What is the tens digit of 1981284?
8
What is the hundred thousands digit of 980322?
9
What is the millions digit of 2233081?
2
What is the tens digit of 109216?
1
What is the ten thousands digit of 1295278?
9
What is the tens digit of 5669228?
2
What is the hundreds digit of 2215846?
8
What is the hundred thousands digit of 1519370?
5
What is the hundred thousands digit of 8674993?
6
What is the ten thousands digit of 6146559?
4
What is the hundreds digit of 400318?
3
What is the units digit of 1368322?
2
What is the hundreds digit of 96968?
9
What is the thousands digit of 8718033?
8
What is the ten thousands digit of 64213?
6
What is the ten thousands digit of 353528?
5
What is the units digit of 8972?
2
What is the millions digit of 1162914?
1
What is the thousands digit of 4667429?
7
What is the millions digit of 2500621?
2
What is the hundreds digit of 259134?
1
What is the ten thousands digit of 281935?
8
What is the thousands digit of 97989?
7
What is the hundreds digit of 1155055?
0
What is the ten thousands digit of 7576768?
7
What is the ten thousands digit of 264434?
6
What is the ten thousands digit of 12451532?
5
What is the units digit of 6687671?
1
What is the units digit of 669752?
2
What is the thousands digit of 379781?
9
What is the ten thousands digit of 168570?
6
What is the units digit of 239021?
1
What is the hundreds digit of 672666?
6
What is the thousands digit of 5366666?
6
What is the hundreds digit of 691621?
6
What is the ten thousands digit of 965295?
6
What is the hundred thousands digit of 297272?
2
What is the hundreds digit of 9221688?
6
What is the tens digit of 37178003?
0
What is the thousands digit of 39427?
9
What is the millions digit of 16641167?
6
What is the tens digit of 907789?
8
What is the hundreds digit of 40465?
4
What is the hundreds digit of 24395604?
6
What is the millions digit of 5286442?
5
What is the thousands digit of 9062653?
2
What is the ten thousands digit of 378479?
7
What is the units digit of 159645?
5
What is the ten millions digit of 15686699?
1
What is the millions digit of 1259054?
1
What is the tens digit of 13766460?
6
What is the hundreds digit of 245803?
8
What is the units digit of 347711?
1
What is the units digit of 660664?
4
What is the units digit of 856089?
9
What is the hundreds digit of 64514?
5
What is the hundreds digit of 119510?
5
What is the ten thousands digit of 192124?
9
What is the ten thousands digit of 140418?
4
What is the millions digit of 10961787?
0
What is the ten thousands digit of 1055874?
5
What is the ten thousands digit of 81850?
8
What is the ten thousands digit of 2904831?
0
What is the ten thousands digit of 1320519?
2
What is the units digit of 217887?
7
What is the hundred thousands digit of 5044531?
0
What is the tens digit of 553317?
1
What is the hundred thousands digit of 668801?
6
What is the hundreds digit of 245471?
4
What is the ten thousands digit of 418251?
1
What is the ten thousands digit of 211710?
1
What is the hundreds digit of 223814?
8
What is the thousands digit of 2278884?
8
What is the hundred thousands digit of 3042762?
0
What is the hundred thousands digit of 4025015?
0
What is the units digit of 998873?
3
What is the hundreds digit of 3917372?
3
What is the hundreds digit of 134562?
5
What is the hundred thousands digit of 355613?
3
What is the hundreds digit of 86599?
5
What is the ten thousands digit of 2480113?
8
What is the thousands digit of 28016850?
6
What is the tens digit of 4336161?
6
What is the hundred thousands digit of 1436520?
4
What is the ten thousands digit of 1304406?
0
What is the hundred thousands digit of 231994?
2
What is the hundreds digit of 13395420?
4
What is the thousands digit of 88621?
8
What is the units digit of 5067975?
5
What is the ten thousands digit of 4101996?
0
What is the units digit of 411890?
0
What is the hundreds digit of 916462?
4
What is the tens digit of 3802354?
5
What is the tens digit of 12061819?
1
What is the hundreds digit of 12018972?
9
What is the ten thousands digit of 5852381?
5
What is the hundreds digit of 3312560?
5
What is the thousands digit of 36962?
6
What is the tens digit of 179793?
9
What is the units digit of 124559?
9
What is the hundreds digit of 2546357?
3
What is the hundred thousands digit of 994065?
9
What is the thousands digit of 192992?
2
What is the thousands digit of 20868491?
8
What is the hundreds digit of 45800?
8
What is the hundreds digit of 17285771?
7
What is the hundreds digit of 6449766?
7
What is the tens digit of 672707?
0
What is the ten thousands digit of 703380?
0
What is the millions digit of 7578212?
7
What is the units digit of 40506999?
9
What is the hundred thousands digit of 283673?
2
What is the units digit of 2943693?
3
What is the units digit of 10238240?
0
What is the hundreds digit of 7531?
5
What is the units digit of 8500938?
8
What is the tens digit of 199225?
2
What is the units digit of 50538?
8
What is the ten thousands digit of 4535332?
3
What is the hundreds digit of 156466?
4
What is the tens digit of 15059?
5
What is the hundred thousands digit of 251479?
2
What is the hundreds digit of 4064904?
9
What is the millions digit of 6590492?
6
What is the hundred thousands digit of 4089802?
0
What is the hundreds digit of 6651220?
2
What is the units digit of 186606?
6
What is the thousands digit of 14073968?
3
What is the thousands digit of 1239655?
9
What is the ten millions digit of 10527095?
1
What is the ten thousands digit of 552997?
5
What is the ten thousands digit of 314154?
1
What is the hundred thousands digit of 435715?
4
What is the hundreds digit of 802310?
3
What is the thousands digit of 163502?
3
What is the tens digit of 950818?
1
What is the tens digit of 14289521?
2
What is the ten thousands digit of 1098175?
9
What is the ten thousands digit of 4324484?
2
What is the ten thousands digit of 297326?
9
What is the tens digit of 111198?
9
What is the ten thousands digit of 1511554?
1
What is the hundred thousands digit of 539710?
5
What is the tens digit of 3702032?
3
What is the thousands digit of 5715093?
5
What is the tens digit of 868023?
2
What is the thousands digit of 1315132?
5
What is the hundred thousands digit of 741978?
7
What is the tens digit of 150722?
2
What is the thousands digit of 130295?
0
What is the units digit of 28822?
2
What is the hundreds digit of 35368?
3
What is the hundred thousands digit of 2574745?
5
What is the tens digit of 8099820?
2
What is the tens digit of 2043593?
9
What is the units digit of 8589902?
2
What is the thousands digit of 817578?
7
What is the millions digit of 10816485?
0
What is the units digit of 4362687?
7
What is the hundreds digit of 4377624?
6
What is the hundred thousands digit of 18394443?
3
What is the millions digit of 7587115?
7
What is the hundred thousands digit of 157997?
1
What is the ten thousands digit of 9139002?
3
What is the tens digit of 8211625?
2
What is the tens digit of 29922?
2
What is the ten thousands digit of 16186410?
8
What is the ten thousands digit of 2055513?
5
What is the hundred thousands digit of 16737659?
7
What is the ten thousands digit of 42882361?
8
What is the ten thousands digit of 5020623?
2
What is the hundreds digit of 3431003?
0
What is the ten thousands digit of 22169043?
6
What is the tens digit of 4948457?
5
What is the hundred thousands digit of 3421206?
4
What is the ten thousands digit of 8965222?
6
What is the units digit of 10621487?
7
What is the thousands digit of 671622?
1
What is the tens digit of 6139527?
2
What is the hundreds digit of 894721?
7
What is the thousands digit of 2419445?
9
What is the hundreds digit of 787657?
6
What is the hundred thousands digit of 733469?
7
What is the hundred thousands digit of 8952754?
9